*v + 169 = 2*t - 29, -5*t - 2*v + 495 = s. Calculate the greatest common divisor of t and 9.
9
Let f be -1 + 20/(-5) + 85. What is the highest common divisor of 56 and f?
8
Let c = 33821 - 22661. Calculate the highest common divisor of c and 36.
36
Suppose -5*c + 21*c + 112 = 0. Let b be (183 - (c - 1)) + -2. What is the highest common divisor of 9 and b?
9
Suppose 2 = 2*p, -5*p + 104 = 3*j - 81. Suppose 300 - j = 4*r. Calculate the greatest common divisor of 45 and r.
15
Suppose 2*v - 30 = 44. Let s = v + 11. Suppose s = -b + 3*b. Calculate the greatest common divisor of b and 120.
24
Let d(i) = -15*i + 183. Let f be d(12). Let h(y) = -14*y**3 + 2*y**2 + y. Suppose -2 = -3*m - 5. Let v be h(m). What is the greatest common divisor of f and v?
3
Let f(u) = 55*u + 309. Let x be f(-3). Let d = 23 - 15. Suppose 4*v + 3*m = 75, 11 = v + m - d. Calculate the highest common divisor of v and x.
18
Suppose -153 = -k - 0*k. Suppose -273 - 175 = -14*i. Suppose 5*s - 5*x + 9*x - 53 = 0, 4*s - 2*x = i. Calculate the highest common divisor of s and k.
9
Let n(x) be the second derivative of -x**4/12 + 7*x**3/3 + 3*x**2/2 - 102*x. Let i be n(9). Calculate the highest common divisor of 40 and i.
8
Let m be (-6387)/(-3) - (-1 + (-2 - -4)). Let j = -7948 + m. Let v be j/(-26) + 24/156. Calculate the greatest common factor of 28 and v.
28
Let h = -19604 + 20693. What is the highest common factor of h and 189?
9
Suppose -2*f - 473*i = -472*i - 31, 3*i - 18 = -f. Calculate the greatest common factor of f and 4685.
5
Let z = -15099 - -15708. What is the highest common divisor of 189 and z?
21
Suppose -n + 156 = 2*w, 0 = w + 4*n - 66 - 26. What is the greatest common factor of w and 92?
4
Let s(h) = 45*h**2 - 3*h - 18. Let f be s(3). Calculate the greatest common divisor of 84 and f.
42
Let k(r) = r**2 + 30*r - 102. Let p be k(-33). Let s be p/(-18)*-3*-284 + -2. Calculate the highest common factor of s and 98.
14
Let t(j) = 15*j**3 - j**2 + 1. Let q be t(1). Let x be (40/q)/(10/135). Let k = 68 - x. Calculate the greatest common factor of 32 and k.
32
Suppose 5*g - 1208 = 2*n, -5*g + 5*n + 1664 = 444. What is the greatest common divisor of 285 and g?
15
Suppose -i + 6*c + 55 = -91, -3*i + 477 = -5*c. Calculate the greatest common divisor of i and 5453.
41
Let g be ((-27)/(-1))/(-6 - 60/(-8)). Let p(c) = c**2 + 7*c + 20. Let d be p(-12). Let b = -78 + d. Calculate the highest common divisor of b and g.
2
Let d = -125 - -188. Suppose 1080 = -3*v - 5*j, 13*v - 5*j + 1440 = 9*v. Let f = -351 - v. What is the highest common factor of d and f?
9
Let d be (9/6)/((-1)/(-64)). Let m(r) = 5*r - r**3 + 1 + 47*r**2 - 53*r**2 - 3 + 12. Let g be m(-7). Calculate the greatest common divisor of g and d.
24
Let k be 221/5 - (-105)/(-525). What is the greatest common divisor of 3916 and k?
44
Suppose 3*x - 2*x - 1 = 0. Suppose 3 = -2*t - x. Let o be (323/34)/(t/(-4)). Calculate the highest common factor of o and 76.
19
Let m = 74 + -69. Suppose -3*o = j - m - 36, 26 = 2*o + j. Calculate the greatest common factor of o and 10.
5
Suppose 16*r - 19768 = -12*r. What is the greatest common divisor of r and 2?
2
Suppose -6*c + 12 = -2*c. Suppose -4*v + 322 = c*v. Calculate the greatest common factor of v and 69.
23
Let l be -10*(-10)/75 + (-374)/6. Let a = l + 106. Let s be (90/(-12))/(2/(-4)). What is the greatest common divisor of a and s?
15
Let r(w) = 34*w**2 + 27*w + 26. Let k(p) = -17*p**2 - 13*p - 14. Let l(g) = -9*k(g) - 4*r(g). Let x be l(-2). Calculate the greatest common divisor of 18 and x.
18
Suppose 0 = -3*p + 66 - 60. Let t be (-3)/(-2)*p - -168. Calculate the highest common factor of t and 9.
9
Let d be (-4)/(-18) - 10/45. Let z be (-34)/(-4)*(d - (0 + -6)). Suppose -2*t = 4*h - 72, 0*t - 21 = -h - 2*t. Calculate the highest common divisor of h and z.
17
Suppose 39*m = 89*m - 161601 - 63549. What is the highest common factor of m and 114?
57
Let d(g) = -g**3 + 7*g**2 - 16*g + 40. Let i be d(5). Suppose -i*h + 114 = -8*h. Calculate the highest common divisor of 76 and h.
19
Suppose -1847 - 3344 = -5*a + 4*m, 0 = 2*a + 5*m - 2050. Calculate the highest common divisor of a and 230.
115
Let f = 4882 + -4847. What is the highest common divisor of f and 833?
7
Let o be 1 + -24 - (-288 - 7550). Calculate the greatest common factor of o and 6.
3
Let f(q) = 17*q**2 + 3*q - 98. Suppose -1098 + 1084 = -2*k. Let r be f(k). Calculate the greatest common factor of r and 56.
28
Suppose -3 = 4*v - 3*o + 1, -4*v + o = -4. Suppose -2 = -v*a + 10. What is the highest common factor of a and 138?
6
Suppose -2*w = 0, 2*z - 7*z + 205 = w. Suppose -z = -4*y + 4*c + 7, -10 = -2*c. Calculate the highest common factor of y and 17.
17
Let r(u) = 69*u**2 - 14*u + 44. Let y be r(4). Suppose -27*a + y = -14*a. What is the highest common factor of 36 and a?
12
Let h be (-96)/528 + (-224)/(-22). Suppose -76 = -p + 117. Suppose 33 - p = -2*s. What is the greatest common factor of s and h?
10
Suppose 3*w = -3*b + 222, 0*w + 5*w = 15. What is the greatest common factor of b and 5041?
71
Let h(j) = j**2 + 21*j + 197. Let w be h(-12). What is the greatest common divisor of w and 5696?
89
Let g(t) = -8*t + 93. Let v be g(21). Let k = 114 - v. Calculate the greatest common factor of k and 7.
7
Let t = -17003 - -17453. Suppose 2*c + 146 = 3*x + x, 5*x - 176 = -4*c. Calculate the greatest common factor of x and t.
18
Suppose 0 = 16*o - 22*o + 396. Suppose 0 = -2*p + o - 24. Calculate the greatest common factor of 525 and p.
21
Suppose -3*y - a = -22, -2*y - 2*a - 7 + 23 = 0. What is the highest common divisor of 2177 and y?
7
Suppose 5*l - 3*x - 44 - 13 = 0, -2*l + 5*x + 38 = 0. Let o be (5/(-3))/(8/24) + 0 + 1. Let y = l + o. What is the greatest common factor of 25 and y?
5
Let g be 4/14 - (-296)/(-7). Let n be g*(30/(-9) + 3). Suppose -3*u + 4*z + 202 = 0, u + 2*u = -2*z + 214. What is the greatest common divisor of n and u?
14
Let k be 2 + 1068 + 15 + -6. Calculate the greatest common factor of 166 and k.
83
Let j = -1 - -1. Let x(d) be the third derivative of -d**4/24 + d**3 + 8*d**2 + 27*d. Let u be x(j). Calculate the greatest common divisor of u and 12.
6
Suppose -1 = l - 2*a, -49*l = -50*l + 4*a - 3. Suppose -5*q + 64 + 21 = 0. What is the greatest common factor of q and l?
1
Let g = -1028 - -1026. Let b(y) = -7*y**3 - 3*y**2 - y + 2. Let p be b(g). What is the highest common divisor of 3 and p?
3
Let u(n) be the third derivative of n**4/8 + 17*n**3/6 - 31*n**2. Let y be u(-6). Let i be (0 + y/2)*(-280)/20. What is the greatest common divisor of 91 and i?
7
Suppose 0 = 5*s - m - 19, 1 = s + 2*s + 2*m. Suppose -5*u = -s*u - 338. Let y be 3 - 123/(-12) - 7/28. What is the highest common factor of u and y?
13
Let q be (-872)/(-3) + (-44)/(-33) + 0. Let z = q - 243. Calculate the highest common divisor of z and 441.
49
Let a be 57/6 + (-2)/(-4). Suppose 254*k = 361*k - 3745. What is the highest common divisor of a and k?
5
Let g(x) = x**3 + 3*x**2 - 14*x - 9. Let n be g(-5). Suppose -3*m = 6 - 360. Suppose -8 = 2*d - m. What is the highest common factor of n and d?
11
Suppose -4*k + 1127 = 3*n, -54*k + 53*k = 2*n - 763. What is the greatest common factor of 889 and n?
7
Let s(w) = w**2 + 18*w + 34. Let b be s(-24). Suppose 3*y - 103 = -d, 12 + b = 5*y - 2*d. Calculate the highest common divisor of 144 and y.
36
Let i(z) = z**2 - 31*z + 24. Let b(d) = d**3 + 10*d**2 + 8*d + 22. Let y be b(-9). Let n be i(y). What is the greatest common divisor of 72 and n?
24
Let k = -1385 - -610. Let c = k - -883. What is the greatest common factor of 9 and c?
9
Suppose 44*a + 1035 = 53*a. What is the greatest common factor of a and 55?
5
Let w be -40*-13*(-2)/(-8). Let z be w/8 + 3/4. Let t(j) = -10*j**3 - 2*j**2 + 13. Let u be t(-2). What is the highest common factor of z and u?
17
Let r be (7350/(-20))/3*-2. What is the greatest common factor of 35 and r?
35
Let x(f) = -3*f + 7. Let s be x(-5). Let c(r) = r**3 + 9*r**2 + 13*r + 22. Let t be c(-6). Let d = t + -50. Calculate the highest common divisor of s and d.
2
Let p(l) = 3*l**3 - 128*l**2 - 17*l + 63. Let d be p(44). Calculate the greatest common factor of d and 156.
39
Let y = -11838 - -21737. Calculate the highest common factor of y and 19.
19
Suppose -5*w = 4*j 